{"id":24,"date":"2012-01-24T12:17:03","date_gmt":"2012-01-24T11:17:03","guid":{"rendered":"http:\/\/www.oewg.org\/?page_id=24"},"modified":"2025-01-22T11:18:24","modified_gmt":"2025-01-22T10:18:24","slug":"impressum","status":"publish","type":"page","link":"https:\/\/www.oewg.org\/?page_id=24","title":{"rendered":"Impressum"},"content":{"rendered":"<p>\u00d6sterreichisch-Wei\u00dfrussische Gesellschaft (\u00d6WG)<br \/>\nViktor-Hagl-Gasse 16<br \/>\n1140 Wien<br \/>\nEmail: info[AT]oewg[PUNKT]at<br \/>\nZVR-Zahl 263387498<\/p>\n<p><a href=\"http:\/\/www.oewg.org\/wp-content\/uploads\/Beitrittserkl\u00e4rung-neu.pdf\" target=\"_blank\" rel=\"noopener\">Beitrittserkl\u00e4rung downloaden<\/a><\/p>\n<p><span style=\"text-decoration: underline;\"><strong>Offenlegung nach \u00a725 MedienG:<\/strong><\/span><br \/>\nDiese Website dient der Information zum Themenbereich \u00f6sterreichisch-wei\u00dfrussische Beziehungen.<\/p>\n<p><span style=\"text-decoration: underline;\"><strong>Webdesign<\/strong><\/span><br \/>\nAlexander Roll<br \/>\nE-Mail: roll[PUNKT]alexander[AT]gmail[PUNKT]com<\/p>\n<p><span style=\"text-decoration: underline;\"><strong>Haftungsausschluss<\/strong><\/span><\/p>\n<p><strong>1. Inhalt des Onlineangebotes<\/strong><br \/>\nDie \u00d6WG \u00fcbernimmt keinerlei Gew\u00e4hr f\u00fcr die Aktualit\u00e4t, Korrektheit, Vollst\u00e4ndigkeit oder Qualit\u00e4t der bereitgestellten Informationen. Haftungsanspr\u00fcche, welche sich auf Sch\u00e4den materieller oder ideeller Art beziehen, die durch die Nutzung oder Nichtnutzung der dargebotenen Informationen bzw. durch die Nutzung fehlerhafter und unvollst\u00e4ndiger Informationen verursacht wurden, sind grunds\u00e4tzlich ausgeschlossen, sofern seitens der \u00d6WG kein nachweislich vors\u00e4tzliches oder grob fahrl\u00e4ssiges Verschulden vorliegt. Alle Angebote sind freibleibend und unverbindlich. Die \u00d6WG beh\u00e4lt es sich ausdr\u00fccklich vor, Teile der Seiten oder das gesamte Angebot ohne gesonderte Ank\u00fcndigung zu ver\u00e4ndern, zu erg\u00e4nzen, zu l\u00f6schen oder die Ver\u00f6ffentlichung zeitweise oder endg\u00fcltig einzustellen.<\/p>\n<p><strong>2. Verweise und Links<\/strong><br \/>\nBei direkten oder indirekten Verweisen auf fremde Webseiten (&#8220;Hyperlinks&#8221;), die au\u00dferhalb des Verantwortungsbereiches der \u00d6WG liegen, w\u00fcrde eine Haftungsverpflichtung ausschlie\u00dflich in dem Fall in Kraft treten, in dem die \u00d6WG von den Inhalten Kenntnis hat und es ihm technisch m\u00f6glich und zumutbar w\u00e4re, die Nutzung im Falle rechtswidriger Inhalte zu verhindern. Die \u00d6WG erkl\u00e4rt hiermit ausdr\u00fccklich, dass zum Zeitpunkt der Linksetzung keine illegalen Inhalte auf den zu verlinkenden Seiten erkennbar waren. Auf die aktuelle und zuk\u00fcnftige Gestaltung, die Inhalte oder die Urheberschaft der gelinkten\/verkn\u00fcpften Seiten hat die \u00d6WG keinerlei Einfluss. Deshalb distanziert die \u00d6WG sich hiermit ausdr\u00fccklich von allen Inhalten aller gelinkten \/ verkn\u00fcpften Seiten, die nach der Linksetzung ver\u00e4ndert wurden. Diese Feststellung gilt f\u00fcr alle innerhalb des eigenen Internetangebotes gesetzten Links und Verweise sowie f\u00fcr Fremdeintr\u00e4ge in auf unserem Server eingerichteten G\u00e4steb\u00fcchern, Diskussionsforen und Mailinglisten. F\u00fcr illegale, fehlerhafte oder unvollst\u00e4ndige Inhalte und insbesondere f\u00fcr Sch\u00e4den, die aus der Nutzung oder Nichtnutzung solcherart dargebotener Informationen entstehen, haftet allein der Anbieter der Seite, auf welche verwiesen wurde, nicht derjenige, der \u00fcber Links auf die jeweilige Ver\u00f6ffentlichung lediglich verweist.<\/p>\n<p><strong>3. Urheber- und Kennzeichenrecht<\/strong><br \/>\nDie \u00d6WG ist bestrebt, in allen Publikationen die Urheberrechte der verwendeten Grafiken, Tondokumente, Videosequenzen und Texte zu beachten, von ihm selbst erstellte Grafiken, Tondokumente, Videosequenzen und Texte zu nutzen oder auf lizenzfreie Grafiken, Tondokumente, Videosequenzen und Texte zur\u00fcckzugreifen. Alle innerhalb des Internetangebotes genannten und ggf. durch Dritte gesch\u00fctzten Marken- und Warenzeichen unterliegen uneingeschr\u00e4nkt den Bestimmungen des jeweils g\u00fcltigen Kennzeichenrechts und den Besitzrechten der jeweiligen eingetragenen Eigent\u00fcmer. Allein aufgrund der blo\u00dfen Nennung ist nicht der Schluss zu ziehen, dass Markenzeichen nicht durch Rechte Dritter gesch\u00fctzt sind! Das Copyright f\u00fcr ver\u00f6ffentlichte, von der \u00d6WG selbst erstellte Objekte liegt bei der \u00d6WG. Eine Vervielf\u00e4ltigung oder Verwendung solcher Grafiken, Tondokumente, Videosequenzen und Texte in anderen elektronischen oder gedruckten Publikationen ist ohne unsere ausdr\u00fcckliche Zustimmung nicht gestattet. Das Copyright, der auf dieser Homepage ver\u00f6ffentlichten Artikel, liegt bei den einzelnen AutorInnen. Eine Vervielf\u00e4ltigung oder oder Verwendung dieser Artikel in anderen elektronischen oder gedruckten Publikationen ist deshalb ohne Zustimmung der jeweiligen AutorInnen nicht gestattet.<\/p>\n<p><strong>4. Datenschutz<\/strong><br \/>\nSofern innerhalb des Internetangebotes die M\u00f6glichkeit zur Eingabe pers\u00f6nlicher oder gesch\u00e4ftlicher Daten (E-Mail-Adressen, Namen, Anschriften) besteht, so erfolgt die Preisgabe dieser Daten seitens der NutzerInnen auf ausdr\u00fccklich freiwilliger Basis. Die Nutzung der im Rahmen des Impressums oder vergleichbarer Angaben ver\u00f6ffentlichten Kontaktdaten wie Postanschriften, Telefon- und Faxnummern sowie E-Mail-Adressen durch Dritte zur \u00dcbersendung von nicht ausdr\u00fccklich angeforderten Informationen ist nicht gestattet. Rechtliche Schritte gegen die Versender von sogenannten Spam-Mails bei Verst\u00f6ssen gegen dieses Verbot sind ausdr\u00fccklich vorbehalten.<\/p>\n<p><strong>5. Rechtswirksamkeit dieses Haftungsausschlusses<\/strong><br \/>\nDieser Haftungsausschluss ist als Teil des Internetangebotes zu betrachten, von dem aus auf diese Seite verwiesen wurde. Sofern Teile oder einzelne Formulierungen dieses Textes der geltenden Rechtslage nicht, nicht mehr oder nicht vollst\u00e4ndig entsprechen sollten, bleiben die \u00fcbrigen Teile des Dokumentes in ihrem Inhalt und ihrer G\u00fcltigkeit davon unber\u00fchrt.<\/p>\n<p><strong>6. Keine Abmahnung ohne vorh. Kontakt<\/strong><br \/>\nSollten Inhalt oder Aufmachung dieser Website Rechte Dritter oder gesetzliche Bestimmungen verletzen, bitten wir um Benachrichtigung ohne Ausstellung einer Kostennote.<br \/>\nZu Recht beanstandete Passagen werden unverz\u00fcglich entfernt, so dass die Einschaltung eines Rechtsbeistandes nicht erforderlich ist.<br \/>\nDennoch von Ihnen ohne vorherige Kontaktaufnahme ausgel\u00f6ste Kosten werden<br \/>\nwir vollumf\u00e4nglich zur\u00fcckweisen und u. U. Gegenklage wegen Verletzung der vorher genannter Bestimmungen einreichen.<\/p>\n<p>&nbsp;<\/p>\n<p>&nbsp;<\/p>\n","protected":false},"excerpt":{"rendered":"<p>\u00d6sterreichisch-Wei\u00dfrussische Gesellschaft (\u00d6WG) Viktor-Hagl-Gasse 16 1140 Wien Email: info[AT]oewg[PUNKT]at ZVR-Zahl 263387498 Beitrittserkl\u00e4rung downloaden Offenlegung nach \u00a725 MedienG: Diese Website dient der Information zum Themenbereich \u00f6sterreichisch-wei\u00dfrussische Beziehungen. Webdesign Alexander Roll E-Mail: roll[PUNKT]alexander[AT]gmail[PUNKT]com Haftungsausschluss 1. Inhalt des Onlineangebotes Die \u00d6WG \u00fcbernimmt keinerlei &hellip; <a href=\"https:\/\/www.oewg.org\/?page_id=24\">Weiterlesen <span class=\"meta-nav\">&rarr;<\/span><\/a><\/p>\n","protected":false},"author":1,"featured_media":0,"parent":0,"menu_order":3,"comment_status":"open","ping_status":"open","template":"","meta":{"ngg_post_thumbnail":0,"footnotes":""},"class_list":["post-24","page","type-page","status-publish","hentry"],"_links":{"self":[{"href":"https:\/\/www.oewg.org\/index.php?rest_route=\/wp\/v2\/pages\/24","targetHints":{"allow":["GET"]}}],"collection":[{"href":"https:\/\/www.oewg.org\/index.php?rest_route=\/wp\/v2\/pages"}],"about":[{"href":"https:\/\/www.oewg.org\/index.php?rest_route=\/wp\/v2\/types\/page"}],"author":[{"embeddable":true,"href":"https:\/\/www.oewg.org\/index.php?rest_route=\/wp\/v2\/users\/1"}],"replies":[{"embeddable":true,"href":"https:\/\/www.oewg.org\/index.php?rest_route=%2Fwp%2Fv2%2Fcomments&post=24"}],"version-history":[{"count":14,"href":"https:\/\/www.oewg.org\/index.php?rest_route=\/wp\/v2\/pages\/24\/revisions"}],"predecessor-version":[{"id":2325,"href":"https:\/\/www.oewg.org\/index.php?rest_route=\/wp\/v2\/pages\/24\/revisions\/2325"}],"wp:attachment":[{"href":"https:\/\/www.oewg.org\/index.php?rest_route=%2Fwp%2Fv2%2Fmedia&parent=24"}],"curies":[{"name":"wp","href":"https:\/\/api.w.org\/{rel}","templated":true}]}}